{"id":549,"date":"2024-10-14T09:17:08","date_gmt":"2024-10-14T07:17:08","guid":{"rendered":"http:\/\/cyriellepoirot.com\/?page_id=549"},"modified":"2024-10-14T09:24:12","modified_gmt":"2024-10-14T07:24:12","slug":"medias","status":"publish","type":"page","link":"https:\/\/cyriellepoirot.com\/index.php\/medias\/","title":{"rendered":"Medias"},"content":{"rendered":"\n<p>En 2024, j&rsquo;ai eu la chance de croiser le chemin de 5 femmes extraordinaires, qui incarnent chacune \u00e0 leur mani\u00e8re l\u2019esprit entrepreneurial et l\u2019audace. <strong>Carole Juge-Llewellyn<\/strong>, fondatrice de Joone, m\u2019a impressionn\u00e9e par sa capacit\u00e9 \u00e0 transformer une id\u00e9e en un business \u00e9thique \u00e0 succ\u00e8s tout en menant de front sa vie de maman. <strong>Pauline Laigneau<\/strong>, co-fondatrice de Gemmyo et cr\u00e9atrice du podcast Le Gratin, est un mod\u00e8le de r\u00e9silience et de passion, avec son parcours qui prouve que tout est possible quand on a la d\u00e9termination.<\/p>\n\n\n\n<p><strong>Cordelia Flourens<\/strong>, fondatrice de The Good Mood Class, m\u2019a inspir\u00e9e avec son \u00e9nergie d\u00e9bordante et son approche positive du bien-\u00eatre entrepreneurial. <strong>Kelly Massol<\/strong>, \u00e0 la t\u00eate de Les Secrets de Loly, m\u2019a rappel\u00e9 l\u2019importance de rester fid\u00e8le \u00e0 ses valeurs tout en cr\u00e9ant une marque \u00e0 plusieurs dizaines de millions de CA et change des vies. Enfin, <strong>Emilie Duch\u00eane<\/strong>, cr\u00e9atrice de Thea Jewelry, m\u2019a \u00e9blouie avec son sens inn\u00e9 de l\u2019esth\u00e9tique, du personal branding et son engagement \u00e0 toujours r\u00e9inventer le luxe personnalis\u00e9.<\/p>\n\n\n\n<p>Ces rencontres m&rsquo;ont nourrie d\u2019une motivation sans faille, chacune de ces femmes m&rsquo;a pouss\u00e9e \u00e0 croire davantage en mon propre projet entrepreneurial, \u00e0 viser plus haut et \u00e0 oser encore plus.<\/p>\n\n\n\n<figure class=\"wp-block-gallery has-nested-images columns-default is-cropped wp-block-gallery-1 is-layout-flex wp-block-gallery-is-layout-flex\">\n<figure class=\"wp-block-image size-large\"><img loading=\"lazy\" decoding=\"async\" width=\"768\" height=\"1024\" data-id=\"551\" src=\"http:\/\/cyriellepoirot.com\/wp-content\/uploads\/2024\/10\/IMG_8588-768x1024.jpg\" alt=\"\" class=\"wp-image-551\" srcset=\"https:\/\/cyriellepoirot.com\/wp-content\/uploads\/2024\/10\/IMG_8588-768x1024.jpg 768w, https:\/\/cyriellepoirot.com\/wp-content\/uploads\/2024\/10\/IMG_8588-225x300.jpg 225w, https:\/\/cyriellepoirot.com\/wp-content\/uploads\/2024\/10\/IMG_8588-1152x1536.jpg 1152w, https:\/\/cyriellepoirot.com\/wp-content\/uploads\/2024\/10\/IMG_8588-rotated.jpg 1512w\" sizes=\"auto, (max-width: 768px) 100vw, 768px\" \/><\/figure>\n\n\n\n<figure class=\"wp-block-image size-large\"><img loading=\"lazy\" decoding=\"async\" width=\"768\" height=\"1024\" data-id=\"550\" src=\"http:\/\/cyriellepoirot.com\/wp-content\/uploads\/2024\/10\/IMG_8596-768x1024.jpg\" alt=\"\" class=\"wp-image-550\" srcset=\"https:\/\/cyriellepoirot.com\/wp-content\/uploads\/2024\/10\/IMG_8596-768x1024.jpg 768w, https:\/\/cyriellepoirot.com\/wp-content\/uploads\/2024\/10\/IMG_8596-225x300.jpg 225w, https:\/\/cyriellepoirot.com\/wp-content\/uploads\/2024\/10\/IMG_8596-1152x1536.jpg 1152w, https:\/\/cyriellepoirot.com\/wp-content\/uploads\/2024\/10\/IMG_8596-rotated.jpg 1512w\" sizes=\"auto, (max-width: 768px) 100vw, 768px\" \/><\/figure>\n\n\n\n<figure class=\"wp-block-image size-large\"><img loading=\"lazy\" decoding=\"async\" width=\"768\" height=\"1024\" data-id=\"554\" src=\"http:\/\/cyriellepoirot.com\/wp-content\/uploads\/2024\/10\/IMG_8609-768x1024.jpg\" alt=\"\" class=\"wp-image-554\" srcset=\"https:\/\/cyriellepoirot.com\/wp-content\/uploads\/2024\/10\/IMG_8609-768x1024.jpg 768w, https:\/\/cyriellepoirot.com\/wp-content\/uploads\/2024\/10\/IMG_8609-225x300.jpg 225w, https:\/\/cyriellepoirot.com\/wp-content\/uploads\/2024\/10\/IMG_8609-1152x1536.jpg 1152w, https:\/\/cyriellepoirot.com\/wp-content\/uploads\/2024\/10\/IMG_8609-rotated.jpg 1512w\" sizes=\"auto, (max-width: 768px) 100vw, 768px\" \/><\/figure>\n\n\n\n<figure class=\"wp-block-image size-large\"><img loading=\"lazy\" decoding=\"async\" width=\"480\" height=\"640\" data-id=\"552\" src=\"http:\/\/cyriellepoirot.com\/wp-content\/uploads\/2024\/10\/IMG_8624-rotated.jpg\" alt=\"\" class=\"wp-image-552\" srcset=\"https:\/\/cyriellepoirot.com\/wp-content\/uploads\/2024\/10\/IMG_8624-rotated.jpg 480w, https:\/\/cyriellepoirot.com\/wp-content\/uploads\/2024\/10\/IMG_8624-225x300.jpg 225w\" sizes=\"auto, (max-width: 480px) 100vw, 480px\" \/><\/figure>\n\n\n\n<figure class=\"wp-block-image size-full\"><img loading=\"lazy\" decoding=\"async\" width=\"480\" height=\"640\" data-id=\"556\" src=\"http:\/\/cyriellepoirot.com\/wp-content\/uploads\/2024\/10\/IMG_8627-rotated.jpg\" alt=\"\" class=\"wp-image-556\" srcset=\"https:\/\/cyriellepoirot.com\/wp-content\/uploads\/2024\/10\/IMG_8627-rotated.jpg 480w, https:\/\/cyriellepoirot.com\/wp-content\/uploads\/2024\/10\/IMG_8627-225x300.jpg 225w\" sizes=\"auto, (max-width: 480px) 100vw, 480px\" \/><\/figure>\n<\/figure>\n\n\n\n<ol class=\"wp-block-list\">\n<li>Rencontre avec Carole Juge-Llewellyn, fondatrice de Joone<\/li>\n\n\n\n<li>Talk avec Pauline Laigneau, fondatrice de Gemmyo, le podcast Le Gratin et Demian.education<\/li>\n\n\n\n<li>Workshop avec Cordelia Flourens, fondatrice de  The Good Mood Class<\/li>\n\n\n\n<li>Mentoring avec Kelly Massol, fondatrice de Les Secrets de Loly et menbre du Jury de Qui veut \u00eatre mon associ\u00e9? #QVMA sur M6<\/li>\n\n\n\n<li>Workshop avec Emilie Duch\u00eane, fondatrice de Thea Jewelry et Rollercoaster<\/li>\n<\/ol>\n\n\n\n<p><\/p>\n","protected":false},"excerpt":{"rendered":"<p>En 2024, j&rsquo;ai eu la chance de croiser le chemin de 5 femmes extraordinaires, qui incarnent chacune \u00e0 leur mani\u00e8re [&hellip;]<\/p>\n","protected":false},"author":1,"featured_media":0,"parent":0,"menu_order":0,"comment_status":"closed","ping_status":"closed","template":"","meta":{"site-sidebar-layout":"default","site-content-layout":"","ast-site-content-layout":"","site-content-style":"default","site-sidebar-style":"default","ast-global-header-display":"","ast-banner-title-visibility":"","ast-main-header-display":"","ast-hfb-above-header-display":"","ast-hfb-below-header-display":"","ast-hfb-mobile-header-display":"","site-post-title":"","ast-breadcrumbs-content":"","ast-featured-img":"","footer-sml-layout":"","theme-transparent-header-meta":"","adv-header-id-meta":"","stick-header-meta":"","header-above-stick-meta":"","header-main-stick-meta":"","header-below-stick-meta":"","astra-migrate-meta-layouts":"default","ast-page-background-enabled":"default","ast-page-background-meta":{"desktop":{"background-color":"var(--ast-global-color-4)","background-image":"","background-repeat":"repeat","background-position":"center center","background-size":"auto","background-attachment":"scroll","background-type":"","background-media":"","overlay-type":"","overlay-color":"","overlay-opacity":"","overlay-gradient":""},"tablet":{"background-color":"","background-image":"","background-repeat":"repeat","background-position":"center center","background-size":"auto","background-attachment":"scroll","background-type":"","background-media":"","overlay-type":"","overlay-color":"","overlay-opacity":"","overlay-gradient":""},"mobile":{"background-color":"","background-image":"","background-repeat":"repeat","background-position":"center center","background-size":"auto","background-attachment":"scroll","background-type":"","background-media":"","overlay-type":"","overlay-color":"","overlay-opacity":"","overlay-gradient":""}},"ast-content-background-meta":{"desktop":{"background-color":"var(--ast-global-color-5)","background-image":"","background-repeat":"repeat","background-position":"center center","background-size":"auto","background-attachment":"scroll","background-type":"","background-media":"","overlay-type":"","overlay-color":"","overlay-opacity":"","overlay-gradient":""},"tablet":{"background-color":"var(--ast-global-color-5)","background-image":"","background-repeat":"repeat","background-position":"center center","background-size":"auto","background-attachment":"scroll","background-type":"","background-media":"","overlay-type":"","overlay-color":"","overlay-opacity":"","overlay-gradient":""},"mobile":{"background-color":"var(--ast-global-color-5)","background-image":"","background-repeat":"repeat","background-position":"center center","background-size":"auto","background-attachment":"scroll","background-type":"","background-media":"","overlay-type":"","overlay-color":"","overlay-opacity":"","overlay-gradient":""}},"footnotes":""},"class_list":["post-549","page","type-page","status-publish","hentry"],"jetpack_sharing_enabled":true,"_links":{"self":[{"href":"https:\/\/cyriellepoirot.com\/index.php\/wp-json\/wp\/v2\/pages\/549","targetHints":{"allow":["GET"]}}],"collection":[{"href":"https:\/\/cyriellepoirot.com\/index.php\/wp-json\/wp\/v2\/pages"}],"about":[{"href":"https:\/\/cyriellepoirot.com\/index.php\/wp-json\/wp\/v2\/types\/page"}],"author":[{"embeddable":true,"href":"https:\/\/cyriellepoirot.com\/index.php\/wp-json\/wp\/v2\/users\/1"}],"replies":[{"embeddable":true,"href":"https:\/\/cyriellepoirot.com\/index.php\/wp-json\/wp\/v2\/comments?post=549"}],"version-history":[{"count":3,"href":"https:\/\/cyriellepoirot.com\/index.php\/wp-json\/wp\/v2\/pages\/549\/revisions"}],"predecessor-version":[{"id":559,"href":"https:\/\/cyriellepoirot.com\/index.php\/wp-json\/wp\/v2\/pages\/549\/revisions\/559"}],"wp:attachment":[{"href":"https:\/\/cyriellepoirot.com\/index.php\/wp-json\/wp\/v2\/media?parent=549"}],"curies":[{"name":"wp","href":"https:\/\/api.w.org\/{rel}","templated":true}]}}